g = 2*g - h - 14. Suppose -g*z = -0*z. Suppose 4*o - 26 - 70 = z. Calculate the greatest common divisor of 12 and o.
12
Suppose 0 = 3*b - 2*z - 59 - 49, -9 = -3*z. Calculate the greatest common factor of b and 57.
19
Let y(l) = 4*l - 99. Let d be y(26). Suppose k - c + 7 = 2*c, 0 = -k + 4*c - 10. What is the highest common factor of d and k?
1
Let q = -1 + 3. What is the highest common divisor of q and 2?
2
Suppose 7*l = 90 + 22. Let i be 1722/27 + (-4)/(-18). What is the greatest common factor of i and l?
16
Let s be 2/5 + 596/10. Let n be 10*(0 + 27/18). Calculate the highest common factor of n and s.
15
Let v(i) = 6*i**2 + i + 1. Let q(y) = y - 10. Let d be q(9). Let t be v(d). What is the highest common factor of 54 and t?
6
Let o be ((-8)/(-2))/(-2) - -6. Suppose z = -o*z + 60. Suppose -5*m = 5*s - 170, 6*m - 70 = 4*m - s. Calculate the highest common factor of m and z.
12
Suppose 5*u + 30 = 480. Calculate the greatest common factor of u and 36.
18
Suppose 2*r + 4 = -2*r. Let j be (-6)/r*1/(-2). Let a be 35 + (-3)/(2 + j). What is the highest common divisor of 19 and a?
19
Suppose 2*c - 25 = 41. What is the greatest common divisor of 3 and c?
3
Let h(i) = -i**3 - 6*i**2 - 4*i + 4. Let r be h(-6). Suppose 0*v + r = -v. Let p = v + 58. Calculate the highest common divisor of 10 and p.
10
Let w = 5 + -5. Suppose -l - 3*n - 2*n - 30 = w, 5*l = -2*n - 81. Let a = l - -25. What is the greatest common divisor of a and 70?
10
Let v(a) = 6*a**2 - 2*a - 3. Let b be v(-2). Let w = 5 + b. What is the greatest common factor of 12 and w?
6
Suppose -5*m + 0*k + 16 = -4*k, -3*m = 5*k - 17. Suppose x + 2*x = -m*f + 138, 0 = -2*f - 4*x + 74. Calculate the greatest common divisor of 231 and f.
33
Suppose 0 = 4*c + 4*f - 673 + 241, 2*c = -f + 218. Let t be c - ((-2 - -1) + -1). Calculate the greatest common divisor of 14 and t.
14
Let t = 6 + 0. Suppose -2*n + 6*q + 2 = q, 3*q - t = 0. Calculate the greatest common divisor of n and 9.
3
Let a(w) = -w**2 + 6*w + 3. Let s be a(6). Suppose -3*d + 159 = 3*j, 0 = -s*d + j + 69 + 94. Calculate the highest common factor of d and 6.
6
Suppose 2*w = -0*t - 2*t + 32, -20 = 5*t. Calculate the greatest common factor of w and 5.
5
Let p be (-2 + 2)/(2/(-1)). Let d be (-2 - p - -1) + 36. Suppose 2*y = 5*o - 163, 4*o - 5*o - 2*y + d = 0. Calculate the highest common divisor of o and 22.
11
Suppose 0 = 11*r + 285 - 1044. Let a = 50 + -33. Let w = r - a. What is the highest common divisor of w and 13?
13
Suppose k - a + 5*a = 56, 135 = 3*k + a. Let n(w) = w + 1. Suppose 5*i - 11 = 4. Let c be n(i). What is the highest common factor of c and k?
4
Suppose -3*a = 2*a - 70. Suppose -9 = 3*l - 51. Calculate the greatest common factor of l and a.
14
Let f(g) = 5*g - 1. Let v be f(1). Let z be 438/18 - v/(-6). What is the greatest common divisor of 25 and z?
25
Let u be (-14 + 15)/(1/10). Calculate the greatest common factor of 2 and u.
2
Let g = -44 + 88. Calculate the highest common divisor of 22 and g.
22
Let j = -50 - -36. Let b = j + 102. What is the greatest common factor of b and 8?
8
Suppose 3*w - 5 = f, 10 = -2*w - 0*f - 2*f. Suppose 3*s + 0*s - 5*p - 22 = w, 0 = 5*s - 2*p - 43. What is the highest common divisor of 9 and s?
9
Let w(k) = k - 1 + 5 - 5. Let y be w(2). Let a(x) = -x**3 + 4*x**2 - x - 2. Let o be a(3). What is the greatest common divisor of o and y?
1
Suppose f + 16 = w, -2*w = -4*f - 0*f - 32. Calculate the greatest common factor of w and 2.
2
Let g = -38 + 50. What is the highest common divisor of 12 and g?
12
Let v(z) = z - 15. Let p be v(0). Let f = 22 + p. Let b = -31 - -80. Calculate the highest common divisor of b and f.
7
Let d = 6 - 4. Suppose -z + 87 = d*v, -2*v + 89 = -3*z + 2*z. What is the greatest common factor of 11 and v?
11
Let j(q) = 2*q**3 + q**2 - 4*q + 3. Let c be j(2). Calculate the highest common divisor of c and 135.
15
Let h(p) = -p**2 - 10*p + 8. Let l be h(-8). Let m be 0/(-1) + l/(-8). Let o be (5 + -2)*(-7)/m. Calculate the greatest common factor of 56 and o.
7
Let j be (-1 - -4) + 0/2 + -1. What is the highest common divisor of j and 22?
2
Let z be 4*(-2 + 83/4). Calculate the highest common divisor of z and 50.
25
Let v(i) = i**3 - 7*i**2 - 25*i + 5. Let h be v(10). Suppose -5*m = -5*k + 35, -5*m - 9 = -k - 3*m. What is the greatest common factor of h and k?
5
Suppose -8 = 5*l - 2*a - 35, -2*a = 3*l - 29. Calculate the greatest common divisor of 14 and l.
7
Suppose -5*u + 0*u = -45. Calculate the greatest common factor of 27 and u.
9
Let q(g) = g**3 - 5*g**2 - 3*g - 7. Let l be q(6). What is the highest common factor of 77 and l?
11
Let s be 128/6 - 22/(-33). What is the highest common factor of s and 198?
22
Suppose -6*r = -5*r - 48. Calculate the greatest common divisor of 24 and r.
24
Suppose a = 6 - 2. Let z be (440/(-50))/(a/(-10)). Calculate the greatest common factor of z and 22.
22
Let v = 4 + -10. Suppose 3*f + 18 = 6. Let a = f - v. What is the highest common divisor of a and 4?
2
Suppose -5*i - 60 - 5 = -3*h, 2*i - 10 = 0. Let z = -11 + 8. Let m be (-360)/(-32)*(1 - z). Calculate the greatest common divisor of m and h.
15
Let c(l) = -l**3 + 2*l**2 + l. Let w be c(2). Suppose -5*q = -2*s - 66, 5*q - s = w*s + 64. Calculate the highest common divisor of q and 98.
14
Suppose -3*r = 2*o - 1, r + 0*r - 3*o + 7 = 0. Let w be (-1)/r*(1 + 3). Suppose -w*s + 3*s + 27 = 0. Calculate the highest common factor of 9 and s.
9
Let z(p) = -6 + p - p - 2*p. Let u be z(-4). Let b be -3 + 0 - (-1 + -18). What is the greatest common factor of u and b?
2
Let o(d) be the first derivative of -3*d**2/2 - 14*d + 5. Let x be o(-6). What is the greatest common divisor of 8 and x?
4
Let a be 5/(-2)*-2*5. Suppose -625 = -6*h + h. Calculate the greatest common divisor of a and h.
25
Suppose 2*z + 1 = -21. Let i(g) = -6*g + 5. Let q(m) = -2*m + 2. Let v(f) = z*q(f) + 4*i(f). Let r be v(-2). Calculate the highest common divisor of 4 and r.
2
Let k = -81 - -57. Suppose -52 + 13 = h. Let q = k - h. What is the highest common divisor of 5 and q?
5
Suppose p + 14 = 3*p. Let d = 16 - p. Calculate the greatest common divisor of 45 and d.
9
Let d = 239 - 171. Calculate the greatest common factor of d and 17.
17
Let i = -109 + 110. Calculate the highest common factor of 15 and i.
1
Let d = -48 + 68. Let u be (-3 + -1)/((-3)/45). Suppose u = m + m. Calculate the highest common divisor of d and m.
10
Let a(n) = 8*n**2 - n - 1. Let v be a(-1). Let x(m) = -2*m**2 + 4*m + 3. Let o be x(-3). Let r = o + 29. Calculate the highest common divisor of v and r.
2
Suppose -8 = -3*n + 4*h - 0*h, -n + 8 = 4*h. Let k(q) = 29*q - 4. Let d be k(n). Let i = d + -78. What is the greatest common divisor of i and 17?
17
Let l be 294/5*(5 - 0). Suppose -2*p = -0*p - l. Let g(n) = -n**2 - 11*n + 3. Let d be g(-9). What is the highest common divisor of p and d?
21
Let r be ((-20)/(-16))/(1/44). Let c be (14/4 + 2)*2. Calculate the highest common divisor of c and r.
11
Suppose -187 = 2*t + x, 3*x - 265 = 4*t + 134. Let f = 267 + t. What is the greatest common divisor of 19 and f?
19
Suppose -3*z + 78 = -24. Let c = -39 - -56. Calculate the greatest common factor of z and c.
17
Let h be 6 - (-10)/(2 - -3). Suppose -r - 1 + 16 = m, -4*m = 3*r - 58. Suppose -5*d = -m - 67. Calculate the highest common divisor of d and h.
8
Suppose 112 + 123 = 5*d. What is the highest common divisor of 376 and d?
47
Let n(b) = -5*b - 7*b + 3*b + 3*b. Let p be n(-2). What is the highest common factor of 8 and p?
4
Suppose 0 = -5*h + p + 131, -17 + 73 = 2*h - 4*p. Calculate the highest common factor of 65 and h.
13
Let r = -18 - -26. What is the highest common divisor of 32 and r?
8
Suppose 4*z = 6*z - 26. Let f(l) = -19*l + 3. Let y be f(-6). Calculate the greatest common factor of z and y.
13
Let j = 5 - -4. Suppose 0 = 4*s + 20, 4*a - 2*s = 2*s + 1572. Suppose 3*o = 3*g + 262 + 23, -4*o = -2*g - a. What is the highest common divisor of o and j?
9
Let d be 3*25*(-2)/6. Let z = -15 - d. What is the highest common divisor of z and 70?
10
Suppose -4 = 5*z + 1. Let y be (1 - -1) + 15 + z. What is the highest common divisor of y and 64?
16
Suppose 746 = 2*a + 4*m, 3*m - m + 8 = 0. Suppose -a = -2*j + 15. Calculate the greatest common factor of j and 18.